
Suppose 220 = -4*b + 9*b. Let r = 29 - 13. Suppose -5*a + 4 = -r. Calculate the highest common factor of a and b.
4
Let s = 3241 - 1885. What is the greatest common divisor of 36 and s?
12
Let d = -157 - -346. Suppose 3*l + 4*y = 5*y + 189, -4*l + 3*y = -252. Suppose 8*m = 5*m + l. Calculate the greatest common factor of d and m.
21
Let w(j) = 2*j + 26. Let f be w(-11). Suppose -f*r + 111 = 31. What is the highest common divisor of 4 and r?
4
Let i(m) = 15*m - 141. Let t be i(10). Calculate the highest common factor of t and 309.
3
Let j be 17 + -17 + -1 + -6. Let f = -68 + -35. Let l = j - f. What is the highest common divisor of 12 and l?
12
Let q = 175 + -103. Suppose -i - 5*r = -68, -5*i + 232 = -2*r - 0*r. What is the highest common divisor of i and q?
24
Suppose 4*s - 25 = i - 4, 0 = s - 2*i - 14. Let y(c) = c - 2. Let w be y(s). Suppose w*h - 12 = -h. What is the highest common divisor of h and 32?
4
Let z = 52 - 49. Suppose -u = -0*u - z*v - 9, -3*u + 4*v = -37. What is the greatest common divisor of 30 and u?
15
Let k = -22 - -28. Suppose -w = -27 + k. Let m(y) = 10*y**2 - 5*y + 6. Let h be m(5). What is the greatest common factor of w and h?
21
Let n(g) = -4*g**3 - 12*g**2 + 10*g + 8. Let b be n(-6). What is the highest common divisor of 40 and b?
20
Let b(q) = -2*q**3 - 28*q**2 + 19*q - 13. Let v be b(-15). Let r be (2*4)/(20 - 19). Calculate the greatest common divisor of v and r.
8
Let t = -29 - -25. Let m = t - -12. Calculate the highest common divisor of 72 and m.
8
Let i be 17*-8 - (-4 - -2). Let s = 48 - i. Suppose s = -x + 8*x. Calculate the highest common divisor of x and 208.
26
Let m be (-1)/2*(-2 - -14). Let o = m - -70. Let n be (o/(-40))/(1/(-5)). Calculate the greatest common factor of n and 24.
8
Suppose 0 = -12*o - 3 + 15. Let w be 44 + (1 - o - (-3 + 7)). What is the highest common divisor of w and 10?
10
Let m = 8 - 15. Let v = m - -16. Let x = 39 - v. Calculate the greatest common factor of x and 6.
6
Let f be ((-4)/(-6))/((-2)/(-9)). Let m = 46 + -65. Let p = m - -46. Calculate the greatest common divisor of f and p.
3
Suppose 0 = -5*w - 4*l + 2017, -3*w - 3*l + 7*l = -1223. What is the highest common factor of w and 162?
81
Let l be -5*(7 - 12 - -3). What is the highest common divisor of 280 and l?
10
Let u(y) = 4*y + 5. Let d(t) = t. Let s(x) = -5*d(x) + u(x). Let m be s(-8). Calculate the highest common factor of m and 26.
13
Suppose 9 = q + 5. Suppose -10*x = -q*x - 612. Calculate the greatest common divisor of x and 153.
51
Suppose -x = 2*g - 466, 3*x - 1353 = -0*x + 3*g. Let j = 7 - 5. Suppose j*d = 5*d - x. Calculate the highest common divisor of 38 and d.
38
Suppose -207 = -5*t + 443. Let a(r) = -r**3 + 8*r**2 - 7*r + 1. Let f be a(7). Let q be f/(-1)*13*-1. What is the greatest common divisor of q and t?
13
Let x = -44 - -34. Let z be (-8)/x*5 + -1. Calculate the greatest common divisor of 3 and z.
3
Suppose 5 = -k + 5*m - 13, 18 = -k - 3*m. Let l = -34 - -4. Let f = k - l. What is the highest common divisor of f and 108?
12
Suppose 4*a + 20 = -3*f + f, -19 = 3*f - 5*a. Let h = f + 16. Let p be (10/4)/(4/h). What is the highest common divisor of p and 2?
1
Let c be ((-102)/(-12))/((-1)/(-2)). Let w be (-7)/(-3)*(-11 + c). Suppose 15*b = 13*b + w. What is the greatest common factor of 14 and b?
7
Let x = -1 + 10. What is the highest common divisor of x and 117?
9
Let l = 19 + -53. Let z = l + 43. Calculate the highest common factor of 12 and z.
3
Let q be 6/(13 + -6 - 6). Calculate the highest common divisor of 96 and q.
6
Suppose 36*g = 659 + 277. Calculate the highest common divisor of 117 and g.
13
Let s(w) = w - 10. Let j be s(13). What is the greatest common divisor of j and 5?
1
Suppose r = 2*k - 3 - 28, -15 = -3*r. Let p be (1/(-3))/((-1)/k). Suppose 2*y + 6 = -y - 3*o, 2*o = -p. Calculate the highest common divisor of y and 3.
1
Let g(s) = -2*s**2 - 7*s + 11. Let l be g(-3). Let a = -4 - -7. Suppose 0 = -5*t - 25, -w = a*w - 4*t - 636. What is the greatest common factor of l and w?
14
Let s = -621 + 619. Let n(f) = -3*f + 2*f + 2 - 7*f**3 + 2*f**3. Let t be n(s). What is the greatest common factor of t and 11?
11
Suppose 11*b - 3*b - 216 = 0. Calculate the highest common factor of b and 189.
27
Suppose 225 + 234 = -3*y. Let u = y + 222. What is the greatest common divisor of 23 and u?
23
Let c be ((-32)/12 - -2)/((-3)/198). What is the greatest common divisor of c and 352?
44
Suppose 0 = -4*c - 2*l + 228, -2*c = 30*l - 31*l - 118. Calculate the greatest common divisor of c and 261.
29
Suppose 0 = 6*i + 64 - 16. Let u(d) = -d**2 - 10*d - 5. Let o be u(i). Calculate the greatest common factor of 1 and o.
1
Let i(p) = p**2 + 7*p + 4. Let k(o) = -9*o - 8. Let h be k(0). Let b be i(h). What is the greatest common factor of b and 12?
12
Let n be (-7)/(-35) - (-3239)/5. What is the highest common factor of 24 and n?
24
Suppose -15*m = -4*m + 649. Let x = m + 77. What is the greatest common factor of 72 and x?
18
Let v(b) = 3*b + 20. Let x be v(-6). Let n be x/(12/15)*18. What is the highest common factor of 18 and n?
9
Let h = -20 + 832. Calculate the highest common factor of h and 56.
28
Let b be 6/2 - 8*-1. Suppose 6*f - b*f = -625. What is the greatest common factor of f and 25?
25
Let a = -90 + 138. Calculate the greatest common factor of a and 432.
48
Let d be -2*(-1)/(-1)*-2. Suppose 3*y - d*y + 44 = 0. What is the highest common factor of 66 and y?
22
Let p be (-1453)/(-2)*2 + 67 + -68. Calculate the highest common factor of 24 and p.
12
Let k(x) = -3*x - 1. Let r be k(-6). Suppose -82 = z - r. Let p be ((-39)/z)/(2/20). Calculate the greatest common divisor of p and 48.
6
Let u(k) = -k**2 - 33*k + 83. Let m be u(-35). Calculate the highest common factor of m and 13.
13
Let x be (30/35)/((3/(-14))/(-3)). Let c be 18/x*-4*-1*12. Calculate the greatest common factor of 18 and c.
18
Let f(d) = 2*d**2 + 11*d - 8. Let g(y) = -y**2 + 4*y + 5. Let p be g(5). Suppose -27 + p = 3*k. Let z be f(k). What is the greatest common divisor of 22 and z?
11
Let l(t) = t + 1. Let v be l(0). Let h = 8334 - 8331. Calculate the highest common factor of v and h.
1
Let v = -47 - -299. Calculate the greatest common divisor of v and 9.
9
Suppose -36*r = 46*r - 59696. Calculate the highest common factor of r and 112.
56
Let k be (6/5)/((-46)/(-920)). Calculate the greatest common divisor of 40 and k.
8
Suppose -5*t - 5 = -3*u, -3*u - u + 4 = -4*t. Suppose -5*f - 34 + u = -k, 0 = k + f - 16. Let q = 34 - k. What is the greatest common divisor of q and 10?
5
Suppose 12*u = 16*u + 4*i - 4, -2*u + 7 = i. Suppose 15 = 3*k + 2*k. Suppose 0 = k*a - a - 36. Calculate the highest common factor of u and a.
6
Let f be 2 + (-7)/((-7)/2). Let v be 6*f*(-25)/(-120). Let r = 5 - -45. What is the highest common divisor of r and v?
5
Let p = 101 + -96. Let m be (p + 1*-12)/(-1). What is the highest common divisor of 49 and m?
7
Let y = 2178 + -2068. What is the highest common divisor of y and 385?
55
Suppose 5*o + 4080 = 5*t, 116*t = 111*t + o + 4092. What is the greatest common factor of t and 126?
63
Let h(i) = 2*i**2 + 80*i + 44. Let s be h(-41). What is the greatest common factor of 315 and s?
63
Let l(r) = 36*r. Let m be l(1). Let w be (-2)/(((-40)/m)/5). Let g = 11 - w. What is the greatest common factor of 2 and g?
2
Suppose -19 = -13*p + 20. Calculate the greatest common divisor of p and 3.
3
Let c be (-4 - -9)*6 + -9. Calculate the greatest common divisor of c and 1407.
21
Let k = 483 + -476. Calculate the greatest common factor of 910 and k.
7
Let r = -32 + 28. Let p be (16 - 14)*(-2)/r. What is the greatest common divisor of 1 and p?
1
Suppose h + 4*z - 6 = 0, 4*z = 4*h - 0*h - 24. Suppose 3*j = 27 - 9. Suppose 5*c + 66 = j*c. Calculate the greatest common divisor of c and h.
6
Let g = 3420 + -2001. Calculate the highest common divisor of 33 and g.
33
Let l = -160 + 172. Suppose -3*k + 48 = -k. What is the highest common divisor of l and k?
12
Let a = 28 - 59. Let f = -44 - -98. Let u = a + f. What is the greatest common divisor of u and 46?
23
Suppose 2*g + 8*g = -22*g + 640. Suppose -3*o = 15, 4*c = 4*o - 6 + 26. Suppose c = -4*f + n + 11, 3*n - 1 = -10. What is the highest common factor of g and f?
2
Suppose -21 = 5*v + 